 1491 = -42346, 5*g - 40825 = -4*l. List the prime factors of g.
3, 7, 389
Suppose -42*l - 3530 = -47*l - 4*z, -3*z = -2*l + 1389. Let m = 1382 - l. What are the prime factors of m?
2, 5, 17
Let r = 62178 - 41401. List the prime factors of r.
79, 263
Suppose 52*z + 8 = 50*z. What are the prime factors of (-6 - 3/z)*(-664)/6?
7, 83
Let u(t) = -5*t**3 - 94*t**2 + 15*t + 40. List the prime factors of u(-21).
2, 11, 13
Let s(n) = -4*n + 32. Let f be s(8). Suppose f = -92*x + 97*x - 55. What are the prime factors of x?
11
Let a(p) = -3*p - 31. Let w be a(-16). Suppose 0 = -2*f - 4*y + 4, 4*f = -3*y + 23. Let i = f + w. What are the prime factors of i?
5
Let n(p) = 92*p**2 + 29*p - 29. Let z(g) = -6*g - 59. Let u be z(-10). What are the prime factors of n(u)?
2, 23
Let t(b) = 1 + 84*b**2 - b**3 - 84*b**2. Let z be t(2). Let v(f) = -f**3 - 6*f**2 + 6*f - 5. List the prime factors of v(z).
2
Let a = 25966 + -14174. Suppose -1287 = 11*k - a. List the prime factors of k.
5, 191
Suppose -106*a + 770464 = -676542. List the prime factors of a.
11, 17, 73
Let t = -263 + 260. What are the prime factors of (t - -709) + 2 + -9?
3, 233
Let s(d) = -8*d**3 + 66*d**2 + 438*d + 27. What are the prime factors of s(-9)?
3, 269
Suppose -3*h = d - 10826, 107*h - 109*h = 3*d - 32471. List the prime factors of d.
79, 137
What are the prime factors of (-334305)/(-60)*88/66?
17, 19, 23
Let r be (-80)/280 + (-46)/(-14). Suppose -5*x + 9014 = -r*z, 74 = -3*z + 65. List the prime factors of x.
1801
List the prime factors of 8039322/319 + (-20)/(-55).
2, 12601
Suppose 0 = 4*a - 2*j - 76638, -79026 = -3*a - 2*j - 21530. List the prime factors of a.
2, 11, 13, 67
Let n(b) = 25*b**2 - 59*b - 714. List the prime factors of n(-14).
2, 7, 179
Let m(i) = -59*i**3 - 7*i**2 + 10*i + 21. Let h be m(-7). Suppose -22*x + 37*x = h. What are the prime factors of x?
3, 7
Let g = -72 + 210. Let v = 1315 + -1398. Let j = g + v. List the prime factors of j.
5, 11
Suppose -5*l - 2*i + 269 = 0, 4*i = 2*l + i - 100. Suppose -5*q - 103 = 2*x, 5*x - 6*q + 2*q + 241 = 0. Let w = x + l. What are the prime factors of w?
2
Let c(z) = 49*z - 34. Let f be c(-3). Let m = -20 - f. List the prime factors of m.
7, 23
List the prime factors of (-749)/(188/(-1222) + 2/182).
7, 107
List the prime factors of (5 + 1)/(-7*(-168)/14446964).
73709
Let p(j) = -148*j + 91. Suppose 11*r + 340 = -23*r. What are the prime factors of p(r)?
1571
Let r(s) be the third derivative of -s**6/60 + s**5/20 + 475*s**3/2 - 84*s**2 + 2. List the prime factors of r(0).
3, 5, 19
Let i(m) = 4*m - 8*m + 5 - m**2 - 6. Let w be i(-3). What are the prime factors of ((-15)/12)/(w/(-8))?
5
Suppose -2*u = m + 1, 2*m + 2*m + u = 17. Suppose -2609 = -3*f - 2*f - 2*z, -m*f + 2618 = -z. List the prime factors of f.
523
Let h(d) = 12*d + 36. Suppose 0*k = 4*k - 28. What are the prime factors of h(k)?
2, 3, 5
Let d = -634 - -988. Let q = 933 + d. What are the prime factors of q?
3, 11, 13
Suppose 4*f - 318828 = 7*d - 11*d, 5*d = 32*f - 2550624. List the prime factors of f.
3, 163
Let r(y) be the third derivative of y**6/30 - y**5/15 + y**4/8 - y**3/6 - 246*y**2. Suppose 0 = -0*h - 2*h + 6. What are the prime factors of r(h)?
2, 5
Let q(m) = -m**2 + 92*m - 65. Let k be q(32). Let w = k - 975. What are the prime factors of w?
2, 5, 11
Suppose -12 = 12*u - 10*u. List the prime factors of (u/4)/(1393/350 + -4).
3, 5
Suppose -16*x - 6*x + 93975 + 181069 = 0. List the prime factors of x.
2, 7, 19, 47
Let y = 24967 - 16260. What are the prime factors of y?
8707
Let q(v) = -213*v + 267. Let f be q(-7). Suppose z - 101 - 492 = -d, 0 = 3*d - 4*z - f. List the prime factors of d.
2, 5, 59
Suppose -a = -b - 2 + 1, -5*b = -a - 3. Let v(c) = -2*c + 5*c + c**a - 2*c + 24 + c. List the prime factors of v(-6).
2, 3
Let a(g) = -g**3 - 6*g**2 - 7*g - 5. Let d be a(-5). Let w = -5386 - -5388. Suppose -u = w*u + 4*k - 245, -3*u + d*k = -281. What are the prime factors of u?
3, 29
Suppose -5*l - 37 = 5*z - 67, -5*z = l - 10. What are the prime factors of (-6 - -11)/(-5)*z*-193?
193
Suppose -19*o + 217830 = 28799. List the prime factors of o.
9949
Suppose 8*t + 7586 = 1778. Let w = -260 - t. What are the prime factors of w?
2, 233
Suppose -31368 + 112537 = 7*k - 106319. What are the prime factors of k?
2, 3, 31
Suppose b + 2*f = -4*b + 263, f - 105 = -2*b. Suppose -b*x + 57*x = -360. Let s = x + 153. List the prime factors of s.
3, 7
Let i(c) = -95*c - 1. Let v be i(-3). Let a = -528 + 720. Let h = v - a. List the prime factors of h.
2, 23
List the prime factors of 267 - (-5 + (-2)/12*-6).
271
Let u = 40 + -12. Let v be 4/14 + (-92)/u. What are the prime factors of 68/3*v/(-2)?
2, 17
What are the prime factors of -1 - -9 - (-1404574)/218?
6451
What are the prime factors of (2/(-3))/((138/(-88992))/23)?
2, 3, 103
Suppose 0 = -4*w - 2*a + 114468, 2*w - 49*a - 57224 = -45*a. List the prime factors of w.
2, 7, 73
Let y = 130 + -378. Suppose -4*d - 2360 = d. Let t = y - d. What are the prime factors of t?
2, 7
Let r be ((-96)/5)/3*(-10)/4. Let y(i) = -i**2 + 14*i + 32. Let v be y(r). Suppose 10*t - 514 - 626 = v. What are the prime factors of t?
2, 3, 19
Suppose 5*c = 5*k - 3025, 5*c + 1483 = 4*k - 1539. List the prime factors of (-1*5)/(-1) - (c + -169).
2, 97
Let p = -1759 + 2918. Let f = p - -482. List the prime factors of f.
3, 547
Let f(q) = 3*q**2 - 3*q - 6. Let h(p) = -p**2 - 7*p - 9. Suppose 5*s + 0*m + 40 = -5*m, -s = 4*m + 14. Let u be h(s). What are the prime factors of f(u)?
2, 3, 5
Suppose -7 - 8 = -3*l - 3*q, l + 2*q = 7. Suppose 0 = 2*m + l*w - 1312, -14*m + 682 = -13*m - 5*w. List the prime factors of m.
2, 331
Let x(u) = -6*u - 30. Let i be x(-12). Let z = i - 24. Suppose -z = -n + 91. What are the prime factors of n?
109
Let k = -257 - -255. What are the prime factors of k/((-14)/(-7)) + 157*2?
313
What are the prime factors of -15 + (15 - (-8396 - -9))?
8387
Let u = -4285 + 4326. Suppose f = -3*f + 268. Let m = f - u. What are the prime factors of m?
2, 13
Let x be 28/(-126) + (0 - (-706)/18). Let d(w) = 1 - w**3 - 32*w - 4*w**2 + 2 + x*w. List the prime factors of d(-7).
101
Let j(b) = -b - 5. Let t be j(-7). Suppose 6*g + 16 = -t*g. List the prime factors of (g/4)/((-8)/1424).
89
Suppose -4*m + 288 = 12*m. Suppose 13*t + 4915 = m*t. List the prime factors of t.
983
What are the prime factors of (-17)/((-340)/990960) - 15?
3, 11, 19, 79
Let w be 80/20*37*9. Suppose 9*s - 3*s = w. What are the prime factors of s?
2, 3, 37
Suppose -6 + 29 = 4*i + 5*g, 2*i + 5 = 3*g. Suppose i*y + 2*q = 300, -y + 2*q - 35 = -200. What are the prime factors of y?
5, 31
List the prime factors of (-12)/((126/(-311115))/3).
2, 3, 5, 2963
What are the prime factors of 1774455/39 + (10 - (-1 - 282/(-26)))?
173, 263
Suppose 14*s - 9*s - 20 = 0. Suppose -5*v = 2*d - 5, -12 = s*v - 2*d - 34. Suppose v*u - 139 - 53 = 0. What are the prime factors of u?
2
Suppose 0 = -0*o - 7*o. Suppose o = -4*q + p + 9, 3*p + 1 = 5*q - 5. Suppose 0 = 2*r - 4, 0*r - q*r - 26 = -i. What are the prime factors of i?
2
Suppose 9*v + 5*v - 40239 = 94161. What are the prime factors of v?
2, 3, 5
Suppose 0 = -4*h + 46 - 14. Suppose 26523 = h*d + 5307. Suppose -11*q - 2*q = -d. List the prime factors of q.
2, 3, 17
Suppose 0 = 5*m + 2*p - 15462, 1233*p - 6180 = -2*m + 1231*p. What are the prime factors of m?
2, 7, 13, 17
Let u(b) = 378*b**2 + 8*b + 21. Let h be u(-2). Let a = 326 + h. What are the prime factors of a?
19, 97
Let x(r) = 3*r**2 - 35*r - 42. List the prime factors of x(30).
2, 3, 67
Suppose 225833 + 469367 = 55*b. What are the prime factors of b?
2, 5, 79
Let i = -23 - -119. Suppose 0 = -c + 5*c + i. Let r = 67 + c. What are the prime factors of r?
43
Suppose -3640*x = -3628*x - 207444. List the prime factors of x.
59, 293
What are the prime factors of -3956*2/(-6)*1*(-6624)/(-192)?
2, 23, 43
Suppose -12 = -3*x + h, -3*h - 6 = 17*x - 20*x. Suppose x*v = -2*w + 4831, 3*v = -2*w - 0*w + 2901. List the prime factors of v.
5, 193
Let t(x) = -2*x**2 + 46*x + 21. Let k be 2/((-12)/(-138)) - 0. What are the prime factors of t(k)?
3, 7
Let w(x) = -x**2 - 21*x + 12318. What are the prime factors of w(0)?
2, 3, 2053
Let x be (-26)/(-4)*(-9)/((-54)/12). What are the prime factors of (-11 + x)/((-4)/121)*-